{"id":2168,"date":"2025-12-04T11:17:27","date_gmt":"2025-12-04T11:17:27","guid":{"rendered":"https:\/\/rollerderbygermany.de\/?page_id=2168"},"modified":"2026-04-09T17:54:47","modified_gmt":"2026-04-09T17:54:47","slug":"ansprechpersonen-di","status":"publish","type":"page","link":"https:\/\/rollerderbygermany.de\/?page_id=2168","title":{"rendered":"Ansprechpersonen D&amp;I"},"content":{"rendered":"\n<p>Das Ressort Diversit\u00e4t &amp; Inklusion im RDD wird vertreten durch&nbsp;Emilie Bigorgne \/ Pochard (St. Pauli Roller Derby), Navina Mai \/ brain storm (Roller Derby Erfurt) und Laura Mietzsch \/ Bloody Biatchotti (Roller Derby Dresden).<\/p>\n\n\n\n<h2 class=\"wp-block-heading\">\u00dcber uns<\/h2>\n\n\n\n<h3 class=\"wp-block-heading\"><strong>Pochard<\/strong> (xier\/sie)<\/h3>\n\n\n\n<p>Mein Name ist \u00c9milie, aka Pochard. Ich bin 2012 in die Welt der Roller Derbys eingetreten und habe meinen Frieden mit der Welt des Sports geschlossen (die mich nach einem Autounfall und einer langen Rehabilitation etwas abgek\u00fchlt hatte).<\/p>\n\n\n\n<p>Roller Derby ist f\u00fcr mich mehr als nur ein Sport! Es hat mir erm\u00f6glicht, Frieden mit meiner Gesundheit, meinem K\u00f6rper, meiner Identit\u00e4t, meiner Integration als Ausl\u00e4nder, die die Sprache nicht spricht, in einem noch unbekannten Land zu schlie\u00dfen, aber auch mit dem Sport und dem sportlichen Wettkampf. Ich w\u00fcrde gerne dazu beitragen, dass diese Erfahrung auch von anderen gemacht wird.<\/p>\n\n\n\n<p>Ich w\u00fcrde gerne meine pers\u00f6nliche Erfahrung, meine fr\u00fcheren und aktuellen Studien (Master in Management, Projekt- Prozessmanagement, Lizenz in Politikwissenschaft, Sportmental Coach und Fitnesstrainer) weiterhin nutzen k\u00f6nnen, um unsere Community wachsen zu lassen.<\/p>\n\n\n\n<p>Ich rede und schreibe manchmal komisch. Ich liebe Katzen und Trash-TV. In mein Bout-Tasche findet man: Kinder Pinguin, Salami Sticks und Kaugummi. Immer \ud83d\ude42&nbsp;<\/p>\n\n\n\n<h3 class=\"wp-block-heading\"><strong>Bloody<\/strong> (sie\/ihr):<\/h3>\n\n\n\n<p>Ich bin Bloody Biatchotti, skate seit 2012 f\u00fcr die Dresden Pioneers, unternehme manchmal auch Ausfl\u00fcge in die Officials Welt oder an die Bench unserer Trackoons, bin als Trainerin aktiv und liebe eigentlich alles, was mit Roller Derby zu tun hat.<\/p>\n\n\n\n<p>In unserer Liga gibt es seit November 2021 ein Komitee f\u00fcr Diversit\u00e4t und Awareness (kurz DivA) in dem ich seit Gr\u00fcndung mitwirke.<\/p>\n\n\n\n<p>Die letzten zwei Jahre im Ressort Diversit\u00e4t und Inklusion haben mir gezeigt, dass die Derby Community in Deutschland Ansprechpartner*innen und Austausch f\u00fcr die Themen begr\u00fc\u00dft und wahrnimmt. Roller Derby ist ein progressiver und inklusiver Sport und hat dennoch oftmals exkludierende Strukturen. Schutzr\u00e4ume m\u00fcssen hier genauso angestrebt werden, da sie, wie auch in anderen Bereichen unseres gesellschaftlichen Lebens, notwendig sind.&nbsp;<\/p>\n\n\n\n<p>Ich m\u00f6chte dazu beitragen Roller Derby ein St\u00fcck zug\u00e4nglicher, sicherer und noch sensibler f\u00fcr diese Themen zu machen. Ich bin mir bewusst, dass ich als wei\u00dfe cis Frau nur meine recht privilegierte Perspektive einbringen kann. Ich w\u00fcnsche mir, dass wir es schaffen, dass Awareness und Bildungsarbeit im Roller Derby nicht nur von den Menschen ausgeht, deren Lebensrealit\u00e4t es ist und die sich quasi tagt\u00e4glich damit auseinandersetzen m\u00fcssen. Ich finde, wir tragen alle eine Verantwortung damit unser geliebter Sport tats\u00e4chlich so gro\u00dfartig ist und bleibt, wie wir es nach au\u00dfen tragen.<\/p>\n\n\n\n<p>In meinem non-derby-Life arbeite ich als Sozialarbeiterin mit jungen Menschen. Ich liebe Snacks und m\u00f6chte dieses Jahr mal wieder nach Italien.<\/p>\n\n\n\n<h3 class=\"wp-block-heading\"><strong>Navi aka brain storm <\/strong>(xie\/xier)<strong>: <\/strong><\/h3>\n\n\n\n<p>Mein Name ist Navi aka brain storm und ich bin seit 2026 Independent unterwegs und seit 2021 im Ressort Diversit\u00e4t und Inklusion aktiv. Seit Januar 2017 bin ich in der Roller Derby Community aktiv und vor allem als Announcer*in und politische Referent*in mit Workshops unterwegs. Ein gro\u00dfes Event f\u00fcr mich dieses Jahr wird der Roller Derby World Cup, da ich dort annoncen und auch lernen darf. &lt;3<\/p>\n\n\n\n<p>Neben Roller Derby bin ich als nonbinary Artist und Aktivist*in gegen gruppenbezogene Menschenfeindlichkeit t\u00e4tig. Seit 2014 arbeite ich, neben der Lohnarbeit in der Kinder- und Jugendhilfe, selbstst\u00e4ndig als politische*r Referent*in zu den Themenfeldern Rechte Szenewelten, geschlechtliche und sexuelle Vielfalt, Vorurteile und Stereotypen, K\u00f6rperdiversit\u00e4t und Pr\u00e4vention von sexualisierter Gewalt, unter anderem f\u00fcr das Archiv der Jugendkulturen e.V. und den Queer History Month in Berlin und bin im gesamten Bundesgebiet f\u00fcr Workshops und Vortr\u00e4ge unterwegs. <\/p>\n\n\n\n<p>Ich bin gro\u00dfer Fan von Kartoffeln, Per\u00fccken, Tattoos, Glitzer und Nerdstuff.<\/p>\n\n\n\n<h2 class=\"wp-block-heading\">Kontakt<\/h2>\n\n\n\n<p>Kontaktiert uns \u00fcber\u00a0<a href=\"mailto:diversity@rollerderbygermany.de\" target=\"_blank\" data-type=\"mailto\" data-id=\"mailto:diversity@rollerderbygermany.de\" rel=\"noreferrer noopener\">diversity@rollerderbygermany.de<\/a><\/p>\n\n\n\n<div style=\"height:100px\" aria-hidden=\"true\" class=\"wp-block-spacer\"><\/div>\n","protected":false},"excerpt":{"rendered":"<p>Das Ressort Diversit\u00e4t &amp; Inklusion im RDD wird vertreten durch&nbsp;Emilie Bigorgne \/ Pochard (St. Pauli Roller Derby), Navina Mai \/ brain storm (Roller Derby Erfurt) und Laura Mietzsch \/ Bloody Biatchotti (Roller Derby Dresden). \u00dcber uns Pochard (xier\/sie) Mein Name ist \u00c9milie, aka Pochard. Ich bin 2012 in die Welt der Roller Derbys eingetreten und&hellip;&nbsp;<a href=\"https:\/\/rollerderbygermany.de\/?page_id=2168\" rel=\"bookmark\">Weiterlesen &raquo;<span class=\"screen-reader-text\">Ansprechpersonen D&amp;I<\/span><\/a><\/p>\n","protected":false},"author":2,"featured_media":1427,"parent":0,"menu_order":0,"comment_status":"closed","ping_status":"closed","template":"","meta":{"neve_meta_sidebar":"","neve_meta_container":"","neve_meta_enable_content_width":"","neve_meta_content_width":0,"neve_meta_title_alignment":"","neve_meta_author_avatar":"","neve_post_elements_order":"","neve_meta_disable_header":"","neve_meta_disable_footer":"","neve_meta_disable_title":"","_themeisle_gutenberg_block_has_review":false,"footnotes":""},"class_list":["post-2168","page","type-page","status-publish","has-post-thumbnail","hentry"],"_links":{"self":[{"href":"https:\/\/rollerderbygermany.de\/index.php?rest_route=\/wp\/v2\/pages\/2168","targetHints":{"allow":["GET"]}}],"collection":[{"href":"https:\/\/rollerderbygermany.de\/index.php?rest_route=\/wp\/v2\/pages"}],"about":[{"href":"https:\/\/rollerderbygermany.de\/index.php?rest_route=\/wp\/v2\/types\/page"}],"author":[{"embeddable":true,"href":"https:\/\/rollerderbygermany.de\/index.php?rest_route=\/wp\/v2\/users\/2"}],"replies":[{"embeddable":true,"href":"https:\/\/rollerderbygermany.de\/index.php?rest_route=%2Fwp%2Fv2%2Fcomments&post=2168"}],"version-history":[{"count":6,"href":"https:\/\/rollerderbygermany.de\/index.php?rest_route=\/wp\/v2\/pages\/2168\/revisions"}],"predecessor-version":[{"id":2434,"href":"https:\/\/rollerderbygermany.de\/index.php?rest_route=\/wp\/v2\/pages\/2168\/revisions\/2434"}],"wp:featuredmedia":[{"embeddable":true,"href":"https:\/\/rollerderbygermany.de\/index.php?rest_route=\/wp\/v2\/media\/1427"}],"wp:attachment":[{"href":"https:\/\/rollerderbygermany.de\/index.php?rest_route=%2Fwp%2Fv2%2Fmedia&parent=2168"}],"curies":[{"name":"wp","href":"https:\/\/api.w.org\/{rel}","templated":true}]}}