{"id":2175,"date":"2025-12-04T11:23:09","date_gmt":"2025-12-04T11:23:09","guid":{"rendered":"https:\/\/rollerderbygermany.de\/?page_id=2175"},"modified":"2025-12-04T11:34:18","modified_gmt":"2025-12-04T11:34:18","slug":"stellungnahme-englisch-ist-keine-inklusive-sprache","status":"publish","type":"page","link":"https:\/\/rollerderbygermany.de\/?page_id=2175","title":{"rendered":"Stellungnahme: Englisch ist keine inklusive Sprache"},"content":{"rendered":"\n<p>Englisch wird heute oft als internationale Verkehrssprache verwendet \u2013 in der Wissenschaft, der Wirtschaft und zunehmend auch im Alltag. Dennoch ist Englisch keine inklusive Sprache, insbesondere nicht in gesellschaftlichen, kulturellen und bildungspolitischen Kontexten.<\/p>\n\n\n\n<p>Zun\u00e4chst einmal ist zu betonen, dass nicht jede Person Zugang zu qualitativ hochwertigem Englischunterricht hat. Menschen mit Migrationshintergrund, sozio\u00f6konomischen Nachteilen oder bestimmten Bildungsbiografien werden durch die Erwartung, Englisch zu beherrschen, h\u00e4ufig benachteiligt. Dies f\u00fchrt zu strukturellen H\u00fcrden.<\/p>\n\n\n\n<p><strong>Zudem verst\u00e4rkt die Dominanz des Englischen sprachliche Ungleichheiten.<\/strong> Wer Englisch nicht flie\u00dfend spricht, wird schnell als weniger kompetent wahrgenommen \u2013 unabh\u00e4ngig von tats\u00e4chlichem Wissen oder K\u00f6nnen. Dies kann nicht nur das Selbstbewusstsein beeintr\u00e4chtigen, sondern auch zur Ausgrenzung f\u00fchren. <strong>Inklusion bedeutet, verschiedene sprachliche Hintergr\u00fcnde anzuerkennen und wertzusch\u00e4tzen \u2013 nicht, sie durch eine dominante Weltsprache zu ersetzen.<\/strong> Eine inklusive Sprachepraxis sollte vielmehr Mehrsprachigkeit f\u00f6rdern einbeziehen.<\/p>\n\n\n\n<p>Fazit: Englisch kann in bestimmten Situationen n\u00fctzlich sein \u2013 aber es ist keine inklusive Sprache. Wahre Inklusion erfordert den bewussten Umgang mit sprachlicher Vielfalt und den Abbau von sprachbedingten Barrieren, nicht deren Verfestigung durch eine vermeintlich &#8222;neutrale&#8220; Weltsprache.<\/p>\n\n\n\n<div style=\"height:100px\" aria-hidden=\"true\" class=\"wp-block-spacer\"><\/div>\n","protected":false},"excerpt":{"rendered":"<p>Englisch wird heute oft als internationale Verkehrssprache verwendet \u2013 in der Wissenschaft, der Wirtschaft und zunehmend auch im Alltag. Dennoch ist Englisch keine inklusive Sprache, insbesondere nicht in gesellschaftlichen, kulturellen und bildungspolitischen Kontexten. Zun\u00e4chst einmal ist zu betonen, dass nicht jede Person Zugang zu qualitativ hochwertigem Englischunterricht hat. Menschen mit Migrationshintergrund, sozio\u00f6konomischen Nachteilen oder bestimmten&hellip;&nbsp;<a href=\"https:\/\/rollerderbygermany.de\/?page_id=2175\" rel=\"bookmark\">Weiterlesen &raquo;<span class=\"screen-reader-text\">Stellungnahme: Englisch ist keine inklusive Sprache<\/span><\/a><\/p>\n","protected":false},"author":2,"featured_media":1427,"parent":0,"menu_order":0,"comment_status":"closed","ping_status":"closed","template":"","meta":{"neve_meta_sidebar":"","neve_meta_container":"","neve_meta_enable_content_width":"","neve_meta_content_width":0,"neve_meta_title_alignment":"","neve_meta_author_avatar":"","neve_post_elements_order":"","neve_meta_disable_header":"","neve_meta_disable_footer":"","neve_meta_disable_title":"","_themeisle_gutenberg_block_has_review":false,"footnotes":""},"class_list":["post-2175","page","type-page","status-publish","has-post-thumbnail","hentry"],"_links":{"self":[{"href":"https:\/\/rollerderbygermany.de\/index.php?rest_route=\/wp\/v2\/pages\/2175","targetHints":{"allow":["GET"]}}],"collection":[{"href":"https:\/\/rollerderbygermany.de\/index.php?rest_route=\/wp\/v2\/pages"}],"about":[{"href":"https:\/\/rollerderbygermany.de\/index.php?rest_route=\/wp\/v2\/types\/page"}],"author":[{"embeddable":true,"href":"https:\/\/rollerderbygermany.de\/index.php?rest_route=\/wp\/v2\/users\/2"}],"replies":[{"embeddable":true,"href":"https:\/\/rollerderbygermany.de\/index.php?rest_route=%2Fwp%2Fv2%2Fcomments&post=2175"}],"version-history":[{"count":2,"href":"https:\/\/rollerderbygermany.de\/index.php?rest_route=\/wp\/v2\/pages\/2175\/revisions"}],"predecessor-version":[{"id":2187,"href":"https:\/\/rollerderbygermany.de\/index.php?rest_route=\/wp\/v2\/pages\/2175\/revisions\/2187"}],"wp:featuredmedia":[{"embeddable":true,"href":"https:\/\/rollerderbygermany.de\/index.php?rest_route=\/wp\/v2\/media\/1427"}],"wp:attachment":[{"href":"https:\/\/rollerderbygermany.de\/index.php?rest_route=%2Fwp%2Fv2%2Fmedia&parent=2175"}],"curies":[{"name":"wp","href":"https:\/\/api.w.org\/{rel}","templated":true}]}}